 + (-4 + 3 - 0)?
1
What is the units digit of (6 - 0)*(15/6)/1?
5
Let q(b) = -5*b**2 + b + 3. Let y be q(2). Let v = -10 + 4. Let l = v - y. What is the units digit of l?
9
Suppose -s - 3*w - w + 1043 = 0, -2*s + 2094 = 4*w. What is the tens digit of s?
5
Let t(w) = 18*w**2 + 60*w + 8. What is the thousands digit of t(-10)?
1
Let m be ((-3)/(-5))/((-3)/(-15)). Let g be 118 - (4 - m - 4). Suppose -41 = -3*n + g. What is the tens digit of n?
5
Let w(i) = -i + 2. Let m be w(2). Suppose m = -3*v - 0*v + 21. Let r = 9 + v. What is the units digit of r?
6
Suppose -12*d + 6*d + 522 = 0. Suppose 0 = 2*c + f - 35, 5*c - 2*f = -5*f + d. What is the tens digit of c?
1
What is the tens digit of 1 - 8/32 - 2013/(-4)?
0
Let a(l) = l**3 + 15*l**2 - 17*l - 13. Let g be a(-16). Suppose -s = -g*s + 122. What is the units digit of s?
1
Let p(m) = 1096*m + 634. What is the tens digit of p(5)?
1
Let d = 1347 + -541. What is the units digit of d?
6
Let f = -1916 + 5595. What is the thousands digit of f?
3
What is the units digit of -110 + 104 - (-1869 + -1)?
4
Suppose 6*q - 10 = -4*b + 8*q, -4*q = -20. Suppose -13 - 7 = -2*o. Suppose 120 - o = b*g. What is the units digit of g?
2
Suppose -8*t + 5016 = -728. What is the units digit of t?
8
Let x(i) = i**3 + 8*i**2 - i + 10. Let p = 15 + -13. Suppose 0 = p*d - 8 + 24. What is the tens digit of x(d)?
1
Suppose -29 = -11*u + 26. Suppose 2*w + 316 = 2*t, -2*t + 0*w + u*w + 328 = 0. What is the hundreds digit of t?
1
Let k(q) = 17*q**2 - 2*q + 3. Suppose 4*x = -3*v + 2, -5*x = -2*x + 4*v + 2. Let t be k(x). Let j = -47 + t. What is the units digit of j?
0
Let b be (-240)/84 - -2*2/(-28). Let f(h) = -2*h - 3 - h + h**3 - 2*h + 2*h**2. What is the units digit of f(b)?
3
Suppose 8458*z - 8459*z + 1559 = 0. What is the thousands digit of z?
1
Suppose -2*y + 59 - 5 = 0. What is the tens digit of (y/2)/(4/8)?
2
Let r = 135 + -95. Suppose n - r = -17. What is the units digit of n?
3
Let a(l) = -30*l - 137. What is the hundreds digit of a(-27)?
6
Suppose -3*t + 4*t = -25. Let f be (-10)/t - 8/(-5). Let d = 12 + f. What is the units digit of d?
4
Let y be 67*-1 - (-5 - (-9 - -5)). Let t = y + 88. What is the tens digit of t?
2
Let z = 5667 + -2858. What is the hundreds digit of z?
8
Let p be (6 - 5)/(-1 - -2). Let j(m) = 9*m - 1. Let s(q) = q. Let y(z) = j(z) + 5*s(z). What is the tens digit of y(p)?
1
Suppose -4*b + 172 - 545 = -3*i, -3*i = 4*b + 403. What is the units digit of (b + 0*(-1)/2)*-1?
7
Let l be 15378/(-77) + 2/(-7). Let x = 335 + l. Suppose 2*q + 3*q - x = 0. What is the tens digit of q?
2
Suppose 5*v + 5*c = 2340, -5*v - 620 = 2*c - 2966. What is the units digit of v?
0
Suppose 0 = 2*z, 58*b + 6247 = 59*b - 5*z. What is the hundreds digit of b?
2
Let m(s) be the first derivative of 5*s - 5/2*s**2 - 8 + 1/3*s**3. What is the units digit of m(4)?
1
Suppose 0 = 2*r + 4*c + 24, 0 = 3*r - 0*r + 3*c + 21. Let u be 11/(-22) - 65/r. Let n = -9 + u. What is the units digit of n?
3
Let h(v) = 7*v**3 + 2*v**2 - 5*v + 5. Let q(k) = -7*k**3 - 2*k**2 + 5*k - 6. Let r(i) = -4*h(i) - 3*q(i). What is the hundreds digit of r(-3)?
1
Suppose m + 4*o = 37, -m = 2*o - 3*o - 32. What is the units digit of m?
3
What is the hundreds digit of 5/(25/(-3)) - 52554/(-15)?
5
Let r be ((180/16)/(-5))/((-1)/40). Suppose i - 4*h - r = -3, 0 = 5*i + 3*h - 366. What is the tens digit of i?
7
Suppose 827*a = 824*a + 1461. What is the hundreds digit of a?
4
What is the units digit of 75/(-60) + 3519/12?
2
Suppose 0 = 4*f - 0*s - 3*s + 43, -5*s = f - 18. Let o(t) be the first derivative of -t**4/4 - 8*t**3/3 - 11*t**2/2 - 5*t + 8. What is the tens digit of o(f)?
2
Let z = 50 + -40. What is the units digit of (-9 + 1)/((-1)/z)?
0
Suppose 3*g + u = -g + 1641, 4*g - 3*u = 1637. What is the tens digit of g?
1
Let s(p) = p**3 + 8*p**2 - 8*p + 7. Let x(o) = -o**2 - 1. Let n(i) = -s(i) - x(i). What is the tens digit of n(-9)?
8
Suppose 3*q + 407 = 3128. What is the hundreds digit of q?
9
Let n = 425 - -466. What is the units digit of n?
1
Let y = 3 - 4. Let f be 228/8 - (-1)/(-2). What is the tens digit of (y/2)/((-1)/f)?
1
Suppose 1 - 13 = -4*x. Suppose -z + x*z - 72 = 0. Let t = z + -15. What is the units digit of t?
1
Let k(d) = d**3 + 5*d**2 - 7*d - 1. Let s be k(-6). Suppose -6*w + w - 2390 = -s*u, 0 = -2*u + 4*w + 960. What is the tens digit of 6/(-10) + u/35?
1
Let i = -18 - -22. Suppose 84 = -n + 5*n + 4*b, i*n + 3*b - 82 = 0. What is the units digit of n?
9
Let r = 12 - 4. Suppose 2*o - 30 - r = 0. Let v = 4 + o. What is the units digit of v?
3
What is the units digit of 28602/10 - (-7)/(-35)?
0
Let g = 647 - 138. What is the hundreds digit of g?
5
Let p be (-1 - (-21)/(-3))/(10/(-25)). Suppose 4*w = -p, 3*r + 0*r + w = 391. What is the hundreds digit of r?
1
Suppose -3*b - 9 = p - 0*p, -5*p - b - 59 = 0. Let c = -48 + p. What is the units digit of 8/c*-3*30?
2
Suppose -5*f = -8 - 87. Suppose 18*z - f*z = -125. What is the hundreds digit of z?
1
Let c = -16 + 124. What is the tens digit of c?
0
Suppose 5*i = 7*i - 58. Suppose -6*g + 13 + i = 0. Let u = g + -1. What is the units digit of u?
6
Suppose 518*a - 498*a = 49140. What is the hundreds digit of a?
4
Let r = -12 - -29. Suppose -r = -c + 4*k, -2*c = 3*c - 4*k - 5. What is the units digit of (-50)/3*c/2?
5
Suppose -2*n - 2*u + 14 = 0, 2*n - u - 8 = -2*n. Suppose 5*c - 3*t - n = -4*t, 5*c = t - 3. Suppose c = -0*b - 2*b + 50. What is the units digit of b?
5
Let v be (-1 + 1)*5/(-20). Suppose 0 = -3*h - v*h. Suppose h = 8*g - 6*g - 98. What is the units digit of g?
9
Let j(w) = w**2 + 3*w + 1. Let t be j(-2). Let i(o) = -o**3 - o**2 - 9*o + 3. Let r(n) = n**2 - n. Let h(a) = t*i(a) + 5*r(a). What is the units digit of h(-4)?
3
Suppose -3*m + 2 = -5*s + 22, 0 = -2*m. Suppose 0 = -3*r + s*c - 61 - 75, 2*r + 2*c = -72. Let u = -27 - r. What is the tens digit of u?
1
Let q = 1724 + -722. What is the hundreds digit of q?
0
Suppose -21*z + 73758 - 17436 = 0. What is the hundreds digit of z?
6
Suppose -125 = -4*s - 3*j + 8*j, -2 = 2*j. What is the units digit of (s - -2)*(-2)/(-4)?
6
Let v(b) = -b + 1. Let p(t) = 14*t - 40. Let s(j) = p(j) - 5*v(j). What is the units digit of s(7)?
8
Let z be 1/(-2) + 13/2. Let x(i) = 0*i + 171 + 7*i - 170. What is the tens digit of x(z)?
4
Suppose n + 6*k - 3*k = 185, 0 = 5*n + 2*k - 977. What is the units digit of n?
7
Let k(z) = -82*z**3 - z - 1. Let o(w) = 2*w**2 - 12*w - 15. Let m be o(7). What is the units digit of k(m)?
2
Let n = 0 - -13. Suppose -n = -5*i + o + 15, -2*i + 20 = 4*o. Suppose 0 = 4*q - 70 - i. What is the units digit of q?
9
Suppose -7876 = -19*j - 1112. What is the units digit of j?
6
Let y = -73 + 121. Suppose -2*q + 86 = 5*h, -2*h + y = h + 3*q. What is the tens digit of h?
1
Suppose -190*f = -182*f - 12400. What is the thousands digit of f?
1
Suppose 0 = 2*w + 4*v - 82, -5*w + 3*v + 103 + 89 = 0. Suppose -47*o + w = -44*o. What is the tens digit of o?
1
Let x(q) = 28*q**2 - 6*q - 5. What is the tens digit of x(-4)?
6
Let q(g) = 3*g**2 - 32*g + 39. Let c(v) = 2*v + 66. Let s be c(-25). What is the units digit of q(s)?
5
Suppose -9*g - 5 = -10*g, 1140 = 3*d - 3*g. What is the hundreds digit of d?
3
Let g(t) = t + 5. Let b be g(24). Let p = 114 - b. What is the units digit of p?
5
Suppose 1 = a, -5*x = -2*x + 3*a - 12. Let g = x + 1. Suppose 8 = g*z - 80. What is the units digit of z?
2
Let l(k) = -232*k + 77. What is the hundreds digit of l(-3)?
7
Let y(a) = 16*a**2 - 13*a**2 + 11*a**2 - a + 17*a**2. Let l be y(1). Suppose 4*t + l = 122. What is the tens digit of t?
2
Let f be (-45)/(-20)*-380*(-12)/(-3). What is the hundreds digit of (12/15)/((-12)/f)?
2
What is the tens digit of (-6)/(-4)*15320/30?
6
Let w be (-37 + 0)/((-2)/4). Suppose -w - 106 = -5*c. What is the units digit of (-6)/c + 698/12?
8
Let a(h) = -10*h - 2. Let t be a(-2). Let w be (-208)/6 - 6/t. Let u = 9 - w. What is the units digit of u?
4
Let c(b) = 12*b**2 - 21*b - 39. What is the hundreds digit of c(9)?
7
What is the tens digit of (-4 - -225)/((-7)/(-21))?
6
Suppose -5*l + 3*l + 4*u - 24 = 0, u - 5 = 0. Let q be (l - -1)/((-3)/21). Suppose 6*f = q*f - 48. What is the tens digit of f?
4
Let l(j) = -3*j**3 + 3*j**2 - 3*j + 3. Let w be l(2). What is the units digit of 12/30*